at is -1 + -1 + 0 - (-28 + 15) - (-329 + 415)?
-75
Evaluate -8 - 2 - (33 - -2 - -9 - (-8 - -16)).
-46
(0 - -1) + (-116 - -215 - 102) - -153
151
Evaluate 101 - (2380 + -2362 + (-1 - (-2 + 1))).
83
Calculate 19 + 0 - (4 + 23 - 21) - 3.
10
(4 - -4 - 12) + 3 + -3 + -25
-29
Evaluate -120 + 332 + -120 + -48.
44
What is the value of -7 - (45 - (5 + ((-4 - -4) + -9 - -12)))?
-44
What is 15 + 10 + (-2 - 13) + 30 + (10 - 40)?
10
(107 - -9) + (26 + (-44 - -19) - 16)
101
Evaluate -12 + 20 + (-28 - 9) + 4.
-25
What is -42 + -15 + 48 + -3?
-12
-26 - (37 + -47) - (0 - 39)
23
-24 - ((69 - 103) + 57)
-47
Calculate 1 + (-26 - (3 + 11 + -16)).
-23
What is 4 - (61 + -132) - (-1 - -1) - 9?
66
Evaluate (-40 + 53 - 63) + 89.
39
Calculate (0 - -7) + (-26 + 66 - (10 - 4)).
41
Evaluate (-130 - -59 - -13) + 57.
-1
What is (0 - 15) + (-20 - -52 - -7)?
24
What is 32 + 1 + -19 + 4 - -46?
64
Calculate -38 + (-12 - -24) - (-20 - 0).
-6
Evaluate (0 - 2 - 4 - 0) + (-13 - 21) + 6.
-34
Evaluate 11 + (4 - (-8 - -27)) - (1 - -68).
-73
(1 - -4) + 5 - ((15 - 2) + -17)
14
Calculate 24 + (-38 - 2 - 31).
-47
-3 + -3 + 3 + 93 - (-78 - (56 - 141))
83
(-1 - 0 - 14) + 0 - (-135 - (3 + -128))
-5
Evaluate (-114 - 192) + 345 - (125 - 0).
-86
-8 + (15 + (-28 - -10) - (-11 + -2))
2
Evaluate 8 + (4 - 2) + (399 - 415) - 13.
-19
What is (-9 - 15 - -30) + -31 + 91?
66
Evaluate 3 + 4 + -26 + (126 + -29 - 12).
66
(2 + -3 - 7) + (-853 - -853)
-8
Evaluate (80 - 8) + 9 + 3 + -12 + 7 + -15.
64
Calculate 37 + (12 - 40) + (-83 - -109).
35
(49 - (-8 - -4 - -40) - (9 + 0)) + 8
12
11 - (6 - 12) - (43 - (17 + 20))
11
Calculate (2 - (-134 - 0)) + (-173 - (121 - 273)).
115
What is the value of 1 - 0 - (-3 + (-56 + 70 - (12 - 0)))?
2
Calculate -386 + 365 - (4 + -6).
-19
What is -24 + 39 - (11 + -3 + -7)?
14
Evaluate 0 + -100 - (16 - (21 - -29) - -16).
-82
Evaluate (72 - 7 - (-40 + 70)) + 4.
39
Calculate 122 - (23 + 11 + (5 - 11)).
94
-1 + 100 - (187 - 161)
73
What is the value of 4 + (-61 + -27 - 7) - 23?
-114
Calculate 45 + -34 + -50 - -18.
-21
Calculate -47 + 58 + -8 - -26.
29
73 + 51 + 48 + -146
26
Evaluate -1 + -10 + (-257 - -271 - (28 - 0)).
-25
What is the value of 16 + (55 - -3) + -31?
43
Evaluate 21 + 10 + (-9 - 10 - -7) + -3.
16
-47 + 192 - 133 - (90 + (0 - 0 - -1))
-79
What is the value of -17 - (-17 + (-19 - (-102 + 14)) + 5)?
-74
What is 48 + (11 - -6) + -1 + -1 + 2?
65
What is (0 - 10) + (20 - 8) + 2 + -19 + -5?
-20
Calculate 42 + 3 + -3 - (-18 - (-30 + 13)).
43
-9 + 20 + (-66 - (16 - 18))
-53
What is 37 - (-11 + 1 + 73)?
-26
Evaluate (-101 - (4 - 68)) + -17 + (0 - -2).
-52
What is the value of 61 + (-5 - 105 - -145)?
96
Calculate -1 + -17 + (-22 - (4 - 30)).
-14
39 + -4 + -25 - (-26 + (1 - -10))
25
Evaluate 107 - 98 - (-1 - -10 - (10 - (21 - 11))).
0
2 - (19 - -4) - (-4 + 10 + 6)
-33
What is (0 - -9) + (84 - (66 - (-53 + 12)))?
-14
What is -30 - (-72 - (-73 - -47))?
16
(91 - 33) + -28 + (16 - 2) + 1
45
-11 + 34 - -33 - 16
40
Evaluate -1 + 12 + (-78 - (0 - 32)) - 11.
-46
5 + (-38 - -12 - -3)
-18
(6 - -1 - (14 + -74)) + -4 + (-4 - -18)
77
What is the value of 132 + -95 - (44 + -2)?
-5
What is the value of 29 + (-19 - (-17 + 15)) + (3 - 4) + -69?
-58
Evaluate (-61 - -28) + 43 - (-32 - -1).
41
What is -44 + (73 + -161 - -136)?
4
Evaluate -25 + (-9 - 51 - -22).
-63
(-22 - (43 + -72)) + 18
25
3 + (11 - 30) + 16 + (42 - 2)
40
Evaluate (-51 - (-3 + 4)) + -19 + 77 + -47.
-41
What is -7 + -17 + (6 - 1) + -1 + (-22 - -11)?
-31
What is the value of -11 - (87 + -73 - (0 - -51))?
26
6 + (2 - 4) + -2 + -65 + 62 - 1
-2
Calculate 2 - (0 - (37 - (0 + 1)) - (-22299 - -22294)).
33
50 - (3 - 17 - (-30 - -13)) - -1
48
Evaluate 1 + 95 + (283 - 191) + -125.
63
What is the value of 11 + 5 + (-273 - -252)?
-5
Calculate -42 + 0 - ((31 - -17) + -19 + -33).
-38
What is -1 - 9 - (-1418 - -1415)?
-7
What is the value of -10 + 39 + 20 + -26?
23
(103 - 71) + -119 + 27
-60
Calculate -15 - (5 - -78 - 113).
15
Evaluate -3 + 44 + 5 - (9 + -33 + 8 + 9).
53
What is 2 + -14 - (1156 - 1211) - -1?
44
What is 2 + (17 - (-10 - -9)) + -7?
13
What is (-1280 - -1272) + (-1 + 4 - 3)?
-8
What is -9 + (16 + 8 - 8) - (-29 + 2)?
34
Calculate 25 - 36 - (35 - 41).
-5
Calculate -35 + 52 + (17 - (19 + -34)).
49
Evaluate -15 - ((99 - 1) + (41 - (43 - -5))).
-106
What is the value of -21 - (4 + (0 - -15) - (5 - 62))?
-97
Evaluate -2 + -13 - (33 - (-3 - (-6 + 21))).
-66
What is (23 + 0 + (225 - 248) - 10) + -27?
-37
What is -8 + 0 + 20 - (-10 - -41) - (9 + -2)?
-26
Calculate (-3 - 1) + (-57 - (-106 + 36)).
9
-25 + (-5 - -28 - 91)
-93
What is 83 - (23 + -32 + 33 - (0 + 39))?
98
(40 - (58 + -27)) + -30
-21
Evaluate -1 + 22 + 546 + -581.
-14
What is (-1749 - -1821) + (0 - -4)?
76
What is -7 - (-3 + 39 - 39)?
-4
-16 - (-42 + -19 + (-33 - 0))
78
What is the value of -92 - -263 - 96 - (1 - -16)?
58
What is the value of (-47 - -1) + 31 + -31 + (15 - 11)?
-42
What is -39 + (-20 - (-10 + 8)) + 12?
-45
Calculate -13 + (-3 + -3 - (-3 - 6)) + 1 + 108.
99
-21 - (-226 + 208 - (1 - 16)) - -91
73
What is (-23 - (-3 - 16) - 11) + 28?
13
What is (-94 - (-42 - -4) - -4) + (-2 - 13)?
-67
Calculate (4 - (-44 + 28 + -34)) + 3.
57
Calculate 9 + 1 + (-48 - -29 - -54).
45
Evaluate 8 + (4 - -4 - (7 - -6 - 15)).
18
4 + -20 - (-18 + 7) - -6
1
What is the value of (-19 - ((14 - 62) + -18)) + -12?
35
(-69 - -81) + (-91 - -24)
-55
Evaluate 2 - 3 - (18 + -92 + -24).
97
What is -50 + 4 + (2 - -2)?
-42
What is the value of 123 - (72 - 118 - -58)?
111
What is 13 - ((46 - 34) + (27 - (11 + -2 + -6)))?
-23
What is 8 - (-8 - -13) - (-41 + 6)?
38
Calculate -119 - -137 - (1 + (-4 - (14 - 5))).
30
What is -56 + 10 + 625 + -657?
-78
Calculate -11 - (31 - (96 + -43)).
11
Evaluate 197 + -51 - 166 - (2 + -26).
4
What is the value of -24 + -13 + 15 + -38?
-60
Evaluate (20 - 181) + 146 + -53.
-68
What is the value of 110 - 9 - (-265 - -284)?
82
What is 136 + 21 + (5 + 19 - (21 + 25))?
135
What is the value of (28 + -8 - 69) + 13 + (8 - 5)?
-33
What is the value of -37 - (0 + -6) - (-97 + 98)?
-32
What is the value of 17 + (26 - (28 + (-24 - -23)))?
16
Evaluate (-13 - -3 - 64) + -11.
-85
What is the value of (-5 - 10) + -58 - -68?
-5
Evaluate 14 + (-39 + -11 - -5) + (-2 - (2 - 2)).
-33
What is the value of -12 + -79 + 35 + 52?
-4
Calculate -31 - -21 - (-7 - -34).
-37
Evaluate -226 + 668 + -373 + (0 - 0) + -13.
56
Calculate 0 - -77 - (17 + -33 + -4 + (-13 - -23)).
87
What is (19 - -1) + (-256 - -191) + 108?
63
Evaluate (19 - (32 - 14)) + (4 - -4) - (-3 + 1).
11
What is the value of 20 + -52 + (20 - 29)?
-41
Calculate (214 - -81) + -331 + 16 + 1 + 0.
-19
What is 1685 + -1695 - (1 - 0)?
-11
What is 97 + -79 + 2 + (-1 - -12)?
31
Evaluate (-2 - (-36 + 36) - -44) + 66.
108
Evaluate (4 - 127) + -1 + (-8 - -11 - -9).
-112
Calculate -21 + (-9 - (7 + -11) - -84).
58
Calculate -119 + -21 + -30 - -82.
-88
21 + 17 + (-54 - -39)
23
-36 + -13 + (3 - ((4 - 13) + 16 + -9))
-44
Evaluate -2 - 0 - ((0 - 11) + 28 + 109 + -43).
-85
Evaluate -25 - ((9 - (11 + -12 + 3)) + 2).
-34
What is the value of (-98 - (-13 - (8 + -20) - 6)) + 3?
-88
Calculate -28 - (-45 - (51 - 124)).
-56
What is the value of -4 - (1 + 0 + (57 - 59) + 59)?
-62
(30 - -19) + -2 + -12
35
What is 4 + -3 + 8 + (2 - (52 - (-3 + 8)))?
-36
Evaluate (-4 + 8 - -3) + -7 - (0 + (-11 - -3)).
8
-1 + 3 - (-25 - -36 - 6 - (-10 - -33))
20
Calculate -63 + 36 + -37 + 15 + 3.
-46
1 + 26 - ((-25 - 9) + 12 - (14 + -29))
34
42 - (9 - (-54 + 35))
14
What is the value of (30 - 6) + -13 - (50 + -15)?
-24
187 + -140 + (52 - 20)
79
209 - 154 - (-6 + 11 - -14)
36
What is 76 - 156 - -25 - -70?
15
Evaluate -68 + 282 + -111 + -39.
64
What is (-39 - -4) + 64 + -4?
25
Evaluate -34 + 41 + (-4 - (45 + (-14 - -16))).
-44
What is the value of (406 - 565) + (69 - -14)?
-76
Evaluate (4 - (9 - -21 - 10)) + (-6 - -2) - -2.
-18
Calculate -109 + (3 - (4 - 4)) - (-6802 + 6824).
-128
Evaluate -36 + 71 + (-10 - 35).
-10
(-28 - (-61 - (-73 + 18))) + (1 - 36)
-57
Calculate 212 + -95 + -119 + (-1 - -3) + 52 + 0.
52
Evaluate 1 + (18 - 4) + -1 + -6 - 22.
-14
Evaluate (24 - 40) + (-37 - -92 - 42).
-3
Calculate -6 + 14 + (-21 - 0) - -22.
9
(14 - (3 - -1 - 1)) + (19 - 1)
29
Evaluate (-7 - 40) + 6 - ((36 - 39) + 13).
-51
What is 23 + -110 - (36 - 45)?
-78
What is -48 + 58 - (-10 + 6 - (-14 + 4))?
4
What i